3 divide 27129969?
True
Is 309 a factor of 3242646?
True
Does 89 divide 381383720?
False
Does 331 divide 183128422?
False
Is 386363252 a multiple of 44?
True
Is 283865064 a multiple of 8?
True
Is 12788794 a multiple of 94?
True
Is 1281 a factor of 300677601?
True
Does 179 divide 919568480?
False
Is 312 a factor of 740158439?
False
Is 152 a factor of 3984304?
False
Does 131 divide 1767714?
True
Is 103990949 a multiple of 14?
False
Does 434 divide 96604620?
False
Is 7 a factor of 3125318?
True
Is 215946896 a multiple of 44?
True
Does 1057 divide 191860304?
False
Is 28 a factor of 72601004?
True
Is 924555906 a multiple of 8?
False
Does 34 divide 135861654?
True
Is 9538236 a multiple of 36?
True
Is 73408115 a multiple of 19?
True
Is 909207913 a multiple of 3161?
True
Is 1599596455 a multiple of 673?
False
Is 3 a factor of 8621901?
True
Is 226048400 a multiple of 815?
True
Is 11045548 a multiple of 31?
True
Does 8 divide 6815728?
True
Is 570738663 a multiple of 209?
True
Is 2652 a factor of 128746644?
True
Does 504 divide 83849472?
True
Is 6478537 a multiple of 18?
False
Is 151 a factor of 140131486?
False
Is 96853504 a multiple of 58?
True
Does 70 divide 28943567?
False
Is 162638398 a multiple of 17?
False
Does 2 divide 352314?
True
Does 493 divide 146632004?
True
Is 15 a factor of 75124651?
False
Is 150985872 a multiple of 744?
True
Is 48415092 a multiple of 138?
True
Does 353 divide 30007751?
False
Is 804 a factor of 77040779?
False
Is 1743 a factor of 6816300?
False
Is 1243796580 a multiple of 19?
False
Is 524 a factor of 8411772?
True
Is 17144441 a multiple of 15?
False
Does 88 divide 339704992?
True
Is 8 a factor of 30745096?
True
Is 64405408 a multiple of 3175?
False
Does 16 divide 1154736?
True
Is 140 a factor of 1135884670?
False
Does 223 divide 8426947?
True
Is 102968688 a multiple of 1412?
True
Does 366 divide 460116534?
True
Does 56 divide 1988216?
False
Is 267430916 a multiple of 914?
True
Is 1815 a factor of 153929621?
False
Does 4 divide 46375208?
True
Does 1674 divide 235368899?
False
Is 1454771125 a multiple of 197?
True
Does 316 divide 529585427?
False
Is 13544789 a multiple of 35?
False
Is 4 a factor of 322903756?
True
Does 108 divide 55537812?
True
Is 2 a factor of 60764214?
True
Is 5 a factor of 16318685?
True
Is 3920668 a multiple of 31?
False
Is 80591460 a multiple of 30?
True
Does 11 divide 397465222?
True
Is 10106728 a multiple of 182?
False
Is 8 a factor of 52626328?
True
Is 20 a factor of 24728825?
False
Does 12 divide 318538380?
True
Is 613262533 a multiple of 5213?
True
Is 15 a factor of 885296841?
False
Is 45040550 a multiple of 2050?
True
Is 37333310 a multiple of 19?
False
Does 2060 divide 154396469?
False
Is 40091651 a multiple of 401?
False
Is 26 a factor of 26532818?
True
Is 4 a factor of 48087792?
True
Does 10624 divide 1779913088?
True
Is 223322353 a multiple of 1422?
False
Is 540391672 a multiple of 25?
False
Is 8509 a multiple of 74?
False
Is 14962203 a multiple of 3247?
False
Is 15 a factor of 50276370?
True
Does 225 divide 19462500?
True
Is 30570701 a multiple of 10?
False
Is 1355 a factor of 10841355?
True
Does 30 divide 685211054?
False
Does 23 divide 23306245?
True
Is 14 a factor of 2087741619?
False
Does 1082 divide 50672224?
True
Is 1548 a factor of 47681496?
True
Does 500 divide 524766500?
True
Is 2637532720 a multiple of 64?
False
Is 41 a factor of 21254113?
True
Is 539 a factor of 121626392?
False
Does 157 divide 168731354?
True
Is 84280725 a multiple of 501?
True
Is 2510 a factor of 2063143965?
False
Is 1046 a factor of 24246280?
True
Is 3058985979 a multiple of 27?
True
Is 374 a factor of 23943854?
True
Is 330111251 a multiple of 58?
False
Does 118 divide 1651056?
True
Is 1471332302 a multiple of 11?
True
Is 952 a factor of 1414850976?
True
Is 289785491 a multiple of 40?
False
Is 190 a factor of 37889867?
False
Is 2 a factor of 8304047?
False
Is 522123465 a multiple of 51?
True
Does 169 divide 19316615?
False
Is 55084579 a multiple of 31?
False
Is 317091297 a multiple of 2?
False
Is 1090 a factor of 69170221?
False
Is 82 a factor of 40398120?
True
Is 2785408422 a multiple of 10007?
True
Is 406 a factor of 590886574?
False
Does 1484 divide 1259157676?
True
Is 5933850 a multiple of 25?
True
Does 22 divide 3068048170?
True
Is 6 a factor of 1118061162?
True
Is 41020806 a multiple of 3?
True
Does 216 divide 89767666?
False
Is 712 a factor of 72968954?
False
Does 107 divide 128062959?
False
Is 12 a factor of 32916835?
False
Is 180 a factor of 751901400?
True
Is 3965 a factor of 1230133320?
True
Is 50879729 a multiple of 1421?
False
Is 6760040 a multiple of 77?
False
Is 2071 a factor of 3078928646?
False
Is 1141 a factor of 463528128?
False
Is 116707054 a multiple of 1077?
False
Is 38862091 a multiple of 7?
False
Is 16148892 a multiple of 372?
True
Is 3462 a factor of 805411619?
False
Is 8180352 a multiple of 100?
False
Is 3055 a factor of 610263745?
True
Is 103528200 a multiple of 50?
True
Is 47 a factor of 20109231?
False
Does 114 divide 758888915?
False
Is 187356232 a multiple of 581?
True
Does 547 divide 955536796?
True
Does 418 divide 1090497176?
False
Is 191473098 a multiple of 11?
False
Does 183 divide 64317912?
True
Is 231 a factor of 47843334?
True
Does 202 divide 5948092?
True
Is 821 a factor of 84160710?
True
Is 58856270 a multiple of 110?
True
Is 5523 a factor of 212044634?
False
Is 444321815 a multiple of 728?
False
Is 794942778 a multiple of 98?
True
Does 193 divide 3606989?
False
Is 985804330 a multiple of 238?
True
Is 1214423 even?
False
Is 4977013 a multiple of 11?
False
Does 60 divide 4893098?
False
Does 4 divide 200389214?
False
Is 55 a factor of 154382812?
False
Is 327 a factor of 84394701?
False
Is 370852728 a multiple of 21?
False
Is 1604046241 a multiple of 1589?
True
Is 97379940 a multiple of 12?
True
Is 47492930 a multiple of 1426?
True
Does 13 divide 4159511?
False
Does 36 divide 174730680?
True
Is 4300 a factor of 2917241520?
False
Is 97802721 a multiple of 27?
True
Is 23 a factor of 113467677?
False
Is 40685126 a multiple of 11?
False
Does 40 divide 1296161750?
False
Is 7975 a factor of 1288201750?
True
Does 1455 divide 464097465?
False
Does 18 divide 11766820?
False
Is 1669 a factor of 165237676?
True
Is 3192196448 a multiple of 9682?
False
Does 2658 divide 271329552?
False
Does 42 divide 36313093?
False
Is 123 a factor of 216574133?
False
Does 501 divide 35654166?
True
Does 11 divide 9899967?
True
Is 408 a factor of 2538824816?
False
Does 4395 divide 115882719?
False
Is 300 a factor of 2002638000?
True
Does 512 divide 25597952?
True
Is 470 a factor of 2425160050?
True
Does 4161 divide 2512936086?
True
Is 4 a factor of 34336506?
False
Is 10 a factor of 586502306?
False
Does 334 divide 107156552?
True
Does 4 divide 4088100?
True
Is 4097788280 a multiple of 10?
True
Does 202 divide 339623610?
True
Is 284 a factor of 38287956?
False
Does 8 divide 271317152?
True
Is 1789485828 a multiple of 198?
False
Is 320 a factor of 421193280?
True
Does 84 divide 864345929?
False
Is 21 a factor of 19824955?
False
Is 153542070 a multiple of 62?
True
Is 36 a factor of 2417660?
False
Is 7 a factor of 35858684?
False
Does 8 divide 225998801?
False
Is 68154533 a multiple of 772?
False
Is 31 a factor of 194110287?
False
Does 20 divide 148243551?
False
Is 3291940 a multiple of 95?
True
Is 352238777 a multiple of 1913?
True
Is 1016 a factor of 1087882000?
True
Does 13 divide 53160965?
True
Is 3854512680 a multiple of 24?
True
Is 18565878 a multiple of 6?
True
Does 7 divide 81678912?
True
Does 411 divide 169286748?
False
Does 2006 divide 65002424?
True
Is 77897661 even?
False
Is 1736 a factor of 405348119?
False
Is 5 a factor of 12394735?
True
Is 123737493 a multiple of 142?
False
Does 42 divide 6890920?
False
Does 32 divide 5219232?
True
Is 334 a factor of 533460265?
False
Is 814866976 a multiple of 1739?
False
Does 32 divide 2179712?
True
Does 855 divide 305059725?
True
Is 81 a factor of 349371792?
True
Is 31952388 a multiple of 20?
False
Is 34 a factor of 2919139082?
False
Is 227 a factor of 8615358?
False
Does 339 divide 4793460?
True
Does 1370 divide 44730381?
False
Is 326830884 a multiple of 467?
True
Does 32 divide 1130677830?
False
Does 64 divide 5660160?
True
Does 14 divide 548540104?
Tru